{"id":799,"date":"2019-02-11T17:22:25","date_gmt":"2019-02-11T17:22:25","guid":{"rendered":"https:\/\/martinha.com.ar\/?post_type=product&#038;p=799"},"modified":"2019-02-15T21:23:12","modified_gmt":"2019-02-15T21:23:12","slug":"tacos","status":"publish","type":"product","link":"https:\/\/martinha.com.ar\/?product=tacos","title":{"rendered":"TACOS"},"content":{"rendered":"<p style=\"text-align: center;\">Confirma tu pedido por Whatsapp<\/p>\n<p>2 Tortillas,\u00a0 con morr\u00f3n saltado, cebolla saltada, rodaja de lim\u00f3n, acompa\u00f1ados con tomate asado c\/salsa chile y salsa guacamole.<\/p>\n<p>Opciones:<\/p>\n<p style=\"text-align: center;\">de carne vacuna<\/p>\n<p style=\"text-align: center;\">de pollo<\/p>\n<p style=\"text-align: center;\">de cerdo<\/p>\n<p style=\"text-align: center;\">de berenjena y choclo<\/p>\n<p><a href=\"https:\/\/martinha.com.ar\/\"><img loading=\"lazy\" class=\"alignnone wp-image-535\" src=\"https:\/\/martinha.com.ar\/wp-content\/uploads\/2019\/01\/boton_volver-300x191.png\" alt=\"\" width=\"104\" height=\"66\" \/><\/a><\/p>\n","protected":false},"excerpt":{"rendered":"<p>Confirma tu pedido por Whatsapp<\/p>\n","protected":false},"featured_media":842,"comment_status":"open","ping_status":"closed","template":"","meta":{"_mi_skip_tracking":false},"product_cat":[42,70],"product_tag":[],"_links":{"self":[{"href":"https:\/\/martinha.com.ar\/index.php?rest_route=\/wp\/v2\/product\/799"}],"collection":[{"href":"https:\/\/martinha.com.ar\/index.php?rest_route=\/wp\/v2\/product"}],"about":[{"href":"https:\/\/martinha.com.ar\/index.php?rest_route=\/wp\/v2\/types\/product"}],"replies":[{"embeddable":true,"href":"https:\/\/martinha.com.ar\/index.php?rest_route=%2Fwp%2Fv2%2Fcomments&post=799"}],"version-history":[{"count":0,"href":"https:\/\/martinha.com.ar\/index.php?rest_route=\/wp\/v2\/product\/799\/revisions"}],"wp:featuredmedia":[{"embeddable":true,"href":"https:\/\/martinha.com.ar\/index.php?rest_route=\/wp\/v2\/media\/842"}],"wp:attachment":[{"href":"https:\/\/martinha.com.ar\/index.php?rest_route=%2Fwp%2Fv2%2Fmedia&parent=799"}],"wp:term":[{"taxonomy":"product_cat","embeddable":true,"href":"https:\/\/martinha.com.ar\/index.php?rest_route=%2Fwp%2Fv2%2Fproduct_cat&post=799"},{"taxonomy":"product_tag","embeddable":true,"href":"https:\/\/martinha.com.ar\/index.php?rest_route=%2Fwp%2Fv2%2Fproduct_tag&post=799"}],"curies":[{"name":"wp","href":"https:\/\/api.w.org\/{rel}","templated":true}]}}